17 - -16) - -4. Suppose 2*m = 2*r - 92, 0 = -4*m + b*m - 4. What is the highest common factor of 462 and r?
42
Suppose -24*c = -8*c - 2560. What is the greatest common factor of 32 and c?
32
Let u(m) be the second derivative of 5/6*m**3 + 0 + 2*m - 4*m**2. Let o be u(5). What is the greatest common divisor of o and 17?
17
Suppose 8*o = -5*v + 12*o + 1412, o = 3*v - 843. Calculate the greatest common divisor of v and 70.
70
Suppose v + 416 = 5*o, 0 = -4*v - 0*v + 16. Let i(f) = -f**3 - 6*f**2 - 22*f - 50. Let b be i(-4). What is the greatest common divisor of b and o?
6
Suppose -2*v - 2*v + 91 = 3*g, 4*v + 141 = 5*g. Suppose 0 = 2*u - 5*u + 12. Suppose -u*p = -293 + g. Calculate the greatest common factor of p and 6.
6
Let j(n) = 8*n**2 - n**3 - 3*n**3 + 3 - 7*n + 3*n**3 - 2. Let v be j(7). Let m = v + 11. What is the highest common factor of 8 and m?
4
Let b be -63 + 67 - (-1 - -11)/(-2). Calculate the greatest common factor of b and 27.
9
Let f(s) be the third derivative of -s**4/4 - 7*s**3/3 + 13*s**2. Let h be f(-10). Calculate the greatest common factor of 23 and h.
23
Let f(l) = -8*l**2 - 8*l - 5. Let a be f(6). Let v = -133 - a. Calculate the highest common factor of v and 26.
26
Suppose 0 = -4*m + 5*s + 76, -28 = -m - 2*s + s. Calculate the greatest common factor of 36 and m.
12
Suppose 30*t - 7385 - 7105 = 0. What is the greatest common divisor of t and 63?
21
Suppose -55 = 305*d - 310*d. What is the greatest common divisor of d and 253?
11
Suppose -5*k + 2*n - 3*n + 2 = 0, -n = 4*k - 1. Let j = -2 + 6. Suppose j = -4*l + 8*l. What is the greatest common factor of k and l?
1
Suppose -4*p + 129 = 6*y - 45, 3*y - 2*p = 99. What is the greatest common factor of 31 and y?
31
Suppose -3*d + 132 = 2*f, -f + 37 + 19 = 4*d. Suppose -2273*u + 64 = -2265*u. Calculate the highest common factor of f and u.
8
Let p be -2 + 22/8 - (-145)/20. Suppose -m = -5*m + 32. What is the highest common factor of m and p?
8
Let c = 1828 - 1820. What is the highest common factor of 548 and c?
4
Let m(f) = 3*f**2 + 9*f + 2. Let t be m(-6). Let j = t + -38. Let b = -84 + 129. Calculate the highest common divisor of j and b.
9
Let l be (-6)/16 - 36933/(-312). What is the greatest common divisor of l and 531?
59
Suppose -z + 111 = -148. Let i be -37*(-5)/(3 - -2). Calculate the greatest common factor of z and i.
37
Suppose -n - 19 = 3*b, 5*b = 5*n - 0*b + 135. Let x be n/(-2)*(-224)/(-35). What is the highest common factor of 32 and x?
16
Let r be (-3*16/108)/((-2)/63). What is the highest common divisor of r and 30?
2
Let j = 0 - -7. Let s be 8 + -4 + (-13 - -10). What is the greatest common divisor of s and j?
1
Let z(k) = 2*k**2 + 4*k - 16. Let o be z(-12). What is the highest common factor of 96 and o?
32
Suppose -12 = -11*u + 5*u. Suppose 3*k - q = 6, -u*k + 5*k + 3*q = 6. Calculate the highest common factor of 6 and k.
2
Let c(h) = -4*h - 12. Let z be c(-5). Suppose 4*y - 14 = y + 5*d, -4*y = 2*d - 10. Let u = 4 - y. Calculate the greatest common factor of z and u.
1
Suppose -8*h + 5 + 363 = 0. Suppose h + 34 = u. What is the greatest common factor of 16 and u?
16
Let z = 56 - 38. Suppose 4*u + 11 = 3*h - 3, 8 = 2*h - 2*u. Suppose 3*a = -5*l - 0*a + 456, -h*a = -4. Calculate the highest common factor of l and z.
18
Let f(m) = -m**3 - 5*m**2 - 7*m - 4. Let o be f(-4). Suppose -592 = o*a - 10*a. What is the greatest common divisor of 37 and a?
37
Suppose 2*p - 746 = 5*c - 16103, 4*c + p = 12283. Calculate the greatest common factor of c and 83.
83
Let z be 5 + (((-2)/2)/1 - 2). Let d(w) = 7*w**3 - 4*w**2 + 9*w - 2. Let b be d(z). What is the highest common factor of 14 and b?
14
Suppose 12 + 90 = 2*t. Suppose -w = 2*g - 196, -5*w + g = -3*g - 1036. What is the highest common factor of w and t?
51
Suppose -5*t = 55 - 200. What is the highest common divisor of t and 29?
29
Suppose -20*j + 675 = -5*j. Calculate the greatest common factor of j and 63.
9
Suppose -r = -3*r. Suppose -18*j + 13*j + 900 = r. Calculate the highest common factor of j and 20.
20
Suppose 5*o + 33 = 58. Suppose 4*t + 234 = 2*q, -o*q + 5*t = -0*t - 590. Calculate the highest common divisor of q and 17.
17
Suppose -4*f = -3*f + 5*o - 101, 2*f = -3*o + 230. Suppose -y + 0 = -7. Let t(a) = 3*a - 10. Let p be t(y). What is the greatest common factor of p and f?
11
Suppose -71*q - 294 = -85*q. Calculate the greatest common factor of 12 and q.
3
Let q be -6 + -3 + 4 + 33. Calculate the highest common factor of 189 and q.
7
Suppose -3*j - 2*i = -246, -3*i + 9 = 3*j - 240. Let p = -131 + 257. Suppose 0 = b + x - 11, -5*b + x - 41 = -p. What is the highest common factor of j and b?
16
Let i = 38 + -29. Suppose 160 = -i*d + 13*d. Calculate the greatest common factor of 20 and d.
20
Let n be 3198/42 + (-13)/(-7) + -1. What is the greatest common factor of 2 and n?
1
Suppose n = -n + 310. Let p be (6 + (-280)/(-5))*6/12. What is the greatest common divisor of n and p?
31
Let g = 165 + -152. What is the highest common factor of 208 and g?
13
Suppose -4*r = -8, 0 = -6*x + 9*x - 3*r - 30. Suppose -t - 2*o - 10 = -3*t, 2*t = -4*o + 28. Calculate the highest common divisor of t and x.
4
Let h(q) = 2*q - 8. Let y be h(6). Suppose 3*w - 231 = 5*p, -y*w + 111 = p - 174. Calculate the greatest common factor of 8 and w.
8
Suppose -2*l = b - 7*l + 2, -2*b = 3*l - 22. What is the greatest common factor of 248 and b?
8
Let d = -42 - -66. Calculate the greatest common factor of 36 and d.
12
Suppose 0 = f - 6*f + 10. Let v be (55/10)/(f/56). Let t be v/8 - 5/20. Calculate the highest common factor of t and 209.
19
Let q = 1668 + -1667. Suppose 5*a = 5*p + 25, -p = p + 6. Calculate the greatest common factor of a and q.
1
Let p(d) = 111*d - 7. Let m be p(1). Calculate the highest common divisor of 26 and m.
26
Let p = -108 - -60. Let s = p - -18. Let i = s - -51. Calculate the highest common factor of i and 7.
7
Let q(s) = s**3 + s**2 + 9*s + 1178. Let g be q(0). Calculate the highest common factor of g and 38.
38
Let v(i) = 5*i**2 + 25*i - 40. Let a be v(-12). Calculate the highest common divisor of a and 20.
20
Let v(d) = -d + 32. Let u be v(4). Let w = 167 - 97. What is the highest common divisor of u and w?
14
Let o = 33 - 3. Let b be 12/o + 1014/15. Calculate the highest common factor of 17 and b.
17
Suppose -2*d - 6 = 5*r, -r + 4 = 6. Let m = 233 + -144. Suppose -d*q + 39 + m = 0. Calculate the greatest common divisor of 8 and q.
8
Let g = 26 + -17. Suppose 0 = -2*h - 2*a - 2, h + 3*a = -0*h - g. Let m be 2 + -2 + 48/2. Calculate the highest common divisor of h and m.
3
Suppose -g = -3*b + 34, -5*b + 57 - 7 = 5*g. Let f = -4 + b. Let w be 1/4 + (-195)/(-4). Calculate the highest common divisor of w and f.
7
Let u(m) = -5*m**3 + m**2 - 1. Let f be u(-1). Suppose -3*v + 123 = -v + 3*g, f*g + 115 = 2*v. What is the greatest common divisor of v and 40?
20
Let u = -170 + 210. What is the highest common divisor of u and 5?
5
Suppose -5*s = -j + 355, -3*s - 365 = 2*s - 3*j. Let a(n) = 5*n + 16. Let b be a(-5). Let g be s/b - (-4)/18. Calculate the greatest common divisor of g and 8.
8
Suppose -3*t - 144 = -3*j, 0*t + 2*t + 231 = 5*j. Let k = 662 - 657. What is the greatest common divisor of j and k?
5
Let w = 3933 + -2388. Calculate the greatest common factor of w and 15.
15
Let n(l) = l**2 + 10*l + 2. Let c be n(-10). Let s = 24 - 15. Suppose -c*i + 3 = -s. What is the highest common factor of 12 and i?
6
Let t(a) = 20*a + 15. Let m be t(-2). Let s = 371 - m. What is the highest common divisor of 36 and s?
36
Let j(l) = -2*l**2 + 24*l - 9. Let c be j(18). Let g = 323 + c. Calculate the highest common divisor of g and 14.
14
Let r = 75 + -43. Let k = 8718 - 8462. What is the highest common factor of k and r?
32
Suppose -4*w - 3*d - 179 = -551, -d + 188 = 2*w. What is the greatest common divisor of 432 and w?
48
Let v be (0 - 38) + 2/(-2). Let w(j) = -18*j + 125. Let u be w(11). Let r = v - u. Calculate the highest common divisor of 51 and r.
17
Let f = -43 + 13. Let g = 50 + f. Suppose 0 = -3*w + 6*w - 480. What is the highest common divisor of w and g?
20
Suppose 517 - 1609 = -7*m. What is the greatest common factor of 39 and m?
39
Suppose 7*m + 528 + 67 = 0. Let x = m - -125. Calculate the highest common divisor of